{"id":2,"date":"2015-12-12T21:30:45","date_gmt":"2015-12-12T19:30:45","guid":{"rendered":"http:\/\/www.akuuttigeriatria.fi\/?page_id=2"},"modified":"2017-02-23T20:06:15","modified_gmt":"2017-02-23T18:06:15","slug":"esimerkkisivu","status":"publish","type":"page","link":"https:\/\/www.akuuttigeriatria.fi\/","title":{"rendered":"SAGY"},"content":{"rendered":"<p>Yhdistys perustettu vuonna 2015.<\/p>\n<p>&nbsp;<\/p>\n<p>Yhdistyksen tarkoituksena on vanhusten akuuttihoidon laadun ja potilasturvallisuuden parantaminen, siihen liittyv\u00e4n tiedon ja osaamisen sek\u00e4 alan tutkimuksen kehitt\u00e4minen.<\/p>\n<p>Yhdistys<\/p>\n<p>-j\u00e4rjest\u00e4\u00e4 koulutustilaisuuksia<\/p>\n<p>-osallistuu alan j\u00e4rjest\u00f6toimintaan<\/p>\n<p>-tukee alan hoitosuositusten k\u00e4ytt\u00f6\u00f6nottoa ja soveltamista<\/p>\n<p>-harjoittaa tiedotus- ja tutkimustoimintaa<\/p>\n<p>-ottaa kantaa alaansa liittyv\u00e4\u00e4n julkiseen keskusteluun<\/p>\n<p>&nbsp;<\/p>\n<p>Tervetuloa!<\/p>\n","protected":false},"excerpt":{"rendered":"<p>Yhdistys perustettu vuonna 2015. &nbsp; Yhdistyksen tarkoituksena on vanhusten akuuttihoidon laadun ja potilasturvallisuuden parantaminen, siihen liittyv\u00e4n tiedon ja osaamisen sek\u00e4 alan tutkimuksen kehitt\u00e4minen. Yhdistys -j\u00e4rjest\u00e4\u00e4 koulutustilaisuuksia -osallistuu alan j\u00e4rjest\u00f6toimintaan -tukee alan hoitosuositusten k\u00e4ytt\u00f6\u00f6nottoa ja soveltamista -harjoittaa tiedotus- ja tutkimustoimintaa -ottaa kantaa alaansa liittyv\u00e4\u00e4n julkiseen keskusteluun &nbsp; Tervetuloa!<\/p>\n","protected":false},"author":1,"featured_media":0,"parent":0,"menu_order":0,"comment_status":"closed","ping_status":"open","template":"","meta":{"footnotes":""},"class_list":["post-2","page","type-page","status-publish"],"_links":{"self":[{"href":"https:\/\/www.akuuttigeriatria.fi\/index.php?rest_route=\/wp\/v2\/pages\/2","targetHints":{"allow":["GET"]}}],"collection":[{"href":"https:\/\/www.akuuttigeriatria.fi\/index.php?rest_route=\/wp\/v2\/pages"}],"about":[{"href":"https:\/\/www.akuuttigeriatria.fi\/index.php?rest_route=\/wp\/v2\/types\/page"}],"author":[{"embeddable":true,"href":"https:\/\/www.akuuttigeriatria.fi\/index.php?rest_route=\/wp\/v2\/users\/1"}],"replies":[{"embeddable":true,"href":"https:\/\/www.akuuttigeriatria.fi\/index.php?rest_route=%2Fwp%2Fv2%2Fcomments&post=2"}],"version-history":[{"count":11,"href":"https:\/\/www.akuuttigeriatria.fi\/index.php?rest_route=\/wp\/v2\/pages\/2\/revisions"}],"predecessor-version":[{"id":144,"href":"https:\/\/www.akuuttigeriatria.fi\/index.php?rest_route=\/wp\/v2\/pages\/2\/revisions\/144"}],"wp:attachment":[{"href":"https:\/\/www.akuuttigeriatria.fi\/index.php?rest_route=%2Fwp%2Fv2%2Fmedia&parent=2"}],"curies":[{"name":"wp","href":"https:\/\/api.w.org\/{rel}","templated":true}]}}