{"id":20,"date":"2015-12-12T22:18:42","date_gmt":"2015-12-12T20:18:42","guid":{"rendered":"http:\/\/www.akuuttigeriatria.fi\/?page_id=20"},"modified":"2025-06-22T12:34:21","modified_gmt":"2025-06-22T09:34:21","slug":"hallitus","status":"publish","type":"page","link":"https:\/\/www.akuuttigeriatria.fi\/?page_id=20","title":{"rendered":"Hallitus"},"content":{"rendered":"<p><strong>Yhdistyksen hallitus 2025<\/strong>:<\/p>\n<p>Puheenjohtaja: Saila Haapasalmi<\/p>\n<p>j\u00e4senet:<\/p>\n<p>Esa J\u00e4msen (sihteeri)<\/p>\n<p>Jonna Laine (varapuheenjohtaja)<\/p>\n<p>Janne Alakare<\/p>\n<p>Katja Kangaslehto<\/p>\n<p>Ville Lindroth<\/p>\n<p>Laura Pikkarainen<\/p>\n<p>Anni Karppila (varaj\u00e4sen)<\/p>\n<p>Ulla Palom\u00e4ki (varaj\u00e4sen)<\/p>\n<p>Mari Pekkala (varaj\u00e4sen)<\/p>\n<p>Eeva Saario (varaj\u00e4sen)<\/p>\n<p><strong>Yhdistyksen hallitus 2024<\/strong>:<\/p>\n<p>Puheenjohtaja: Saila Haapasalmi<\/p>\n<p>j\u00e4senet:<\/p>\n<p>Anni Karppila (varapuheenjohtaja)<\/p>\n<p>Laura Pikkarainen (sihteeri)<\/p>\n<p>Janne Alakare<\/p>\n<p>Jonna Laine<\/p>\n<p>Katja Kangaslehto<\/p>\n<p>Ville Lindroth<\/p>\n<p>Esa J\u00e4msen (varaj\u00e4sen)<\/p>\n<p>Ulla Palom\u00e4ki (varaj\u00e4sen)<\/p>\n<p><strong>Yhdistyksen hallitus 2023<\/strong>:<\/p>\n<p>Puheenjohtaja: Janne Alakare<\/p>\n<p>j\u00e4senet:<\/p>\n<p>Anni Karppila (varapuheenjohtaja)<\/p>\n<p>Laura Pikkarainen (sihteeri)<\/p>\n<p>Jonna Laine<\/p>\n<p>Katja Kangaslehto<\/p>\n<p>Saila Haapasalmi<\/p>\n<p>Ville Lindroth<\/p>\n<p>Esa J\u00e4msen (varaj\u00e4sen)<\/p>\n<p>Ulla Palom\u00e4ki (varaj\u00e4sen)<\/p>\n<p><strong>Yhdistyksen hallitus 2022<\/strong>:<\/p>\n<p>Puheenjohtaja: Janne Alakare<\/p>\n<p>j\u00e4senet:<\/p>\n<p>Anni Karppila (varapuheenjohtaja)<\/p>\n<p>Jonna Laine (sihteeri)<\/p>\n<p>Katja Kangaslehto<\/p>\n<p>Laura Pikkarainen<\/p>\n<p>Saila Haapasalmi<\/p>\n<p>Ville Lindroth<\/p>\n<p>Esa J\u00e4msen (varaj\u00e4sen)<\/p>\n<p><strong>Yhdistyksen hallitus 2021<\/strong>:<\/p>\n<p>Puheenjohtaja: Anni Karppila<\/p>\n<p>Hallituksen j\u00e4senet:<\/p>\n<p>Esa J\u00e4msen (varapuheenjohtaja)<\/p>\n<p>Jonna Laine (sihteeri)<\/p>\n<p>Janne Alakare<\/p>\n<p>Maaret Castr\u00e9n<\/p>\n<p>Katja Vertainen<\/p>\n<p>Laura Pikkarainen (varaj\u00e4sen)<\/p>\n<p><strong>Yhdistyksen hallitus 2020<\/strong>:<\/p>\n<p>Puheenjohtaja: Anni Karppila<\/p>\n<p>Hallituksen j\u00e4senet:<\/p>\n<p>Esa J\u00e4msen (varapuheenjohtaja)<\/p>\n<p>Anna Sj\u00f6lund (sihteeri)<\/p>\n<p>Janne Alakare<\/p>\n<p>Maaret Castr\u00e9n<\/p>\n<p>Jonna Laine<\/p>\n<p>Katja Vertainen<\/p>\n<p>Laura Pikkarainen (varaj\u00e4sen)<\/p>\n<p><strong>Yhdistyksen hallitus 2019<\/strong>:<\/p>\n<p>Puheenjohtaja: Laura Pikkarainen<\/p>\n<p>Hallituksen j\u00e4senet:<\/p>\n<p>Riitta Antikainen<\/p>\n<p>Maaret Castr\u00e9n<\/p>\n<p>Anni Karppila (rahastonhoitaja)<\/p>\n<p>Esa J\u00e4msen (varapuheenjohtaja)<\/p>\n<p>Anna Sj\u00f6lund (sihteeri)<\/p>\n<p>Katja Vertainen<\/p>\n<p>Janne Alakare (varaj\u00e4sen)<\/p>\n<p>Toimintasuunnitelma vuodelle 2019:\u00a0<a href=\"http:\/\/www.akuuttigeriatria.fi\/wp-content\/uploads\/2019\/05\/SAGY-Toimintasuunnitelma-2019.docx\">SAGY &#8211; Toimintasuunnitelma 2019<\/a><\/p>\n<p><strong>Yhdistyksen hallitus 2018<\/strong>:<\/p>\n<p>Puheenjohtaja: Laura Pikkarainen<\/p>\n<p>Hallituksen j\u00e4senet:<\/p>\n<p>Riitta Antikainen<\/p>\n<p>Maaret Castr\u00e9n<\/p>\n<p>Hannele Ekstam (rahastonhoitaja)<\/p>\n<p>Esa J\u00e4msen (varapuheenjohtaja)<\/p>\n<p>Anna Sj\u00f6lund (sihteeri)<\/p>\n<p>Katja Vertainen<\/p>\n<p>Janne Alakare (varaj\u00e4sen)<\/p>\n<p>Toimintasuunnitelma vuodelle 2018: <a href=\"http:\/\/www.akuuttigeriatria.fi\/wp-content\/uploads\/2018\/07\/SAGY-Toimintasuunnitelma-2018.pdf\">SAGY &#8211; Toimintasuunnitelma 2018<\/a><\/p>\n<p><strong>Yhdistyksen hallitus 2017<\/strong>:<\/p>\n<p>Puheenjohtaja:<\/p>\n<ul>\n<li>Laura Pikkarainen<\/li>\n<\/ul>\n<p>Sihteeri:<\/p>\n<ul>\n<li>Esa J\u00e4msen<\/li>\n<\/ul>\n<p>Rahastonhoitaja:<\/p>\n<ul>\n<li>Hannele Ekstam<\/li>\n<\/ul>\n<p>Varapuheenjohtaja:<\/p>\n<ul>\n<li>Janne Alakare<\/li>\n<\/ul>\n<p>J\u00e4senet:<\/p>\n<ul>\n<li>Riitta Antikainen<\/li>\n<li>Maaret Castr\u00e9n<\/li>\n<li>Sanna Hakala<\/li>\n<\/ul>\n<p>Toimintasuunnitelma vuodelle 2017:\u00a0<a href=\"http:\/\/www.akuuttigeriatria.fi\/wp-content\/uploads\/2015\/12\/SAGY-Toimintasuunnitelma-2017.pdf\">SAGY &#8211; Toimintasuunnitelma 2017<\/a><\/p>\n<p><span style=\"font-size: medium;\"><br \/>\n<strong>Yhdistyksen hallitus 2015-16<\/strong>:<\/span><\/p>\n<p>Puheenjohtaja:<\/p>\n<ul>\n<li>Laura Pikkarainen<\/li>\n<\/ul>\n<p>Sihteeri:<\/p>\n<ul>\n<li>Esa J\u00e4msen<\/li>\n<\/ul>\n<p>Rahastonhoitaja:<\/p>\n<ul>\n<li>Hannele Ekstam<\/li>\n<\/ul>\n<p>Varapuheenjohtaja:<\/p>\n<ul>\n<li>Janne Alakare<\/li>\n<\/ul>\n<p>J\u00e4senet:<\/p>\n<ul>\n<li>Riitta Antikainen<\/li>\n<li>Maaret Castr\u00e9n<\/li>\n<li>Maria Nuotio<\/li>\n<\/ul>\n<p>Ota yhteytt\u00e4 hallitukseen: <a href=\"mailto:hallitus@akuuttigeriatria.fi\">hallitus@akuuttigeriatria.fi<\/a><\/p>\n","protected":false},"excerpt":{"rendered":"<p>Yhdistyksen hallitus 2025: Puheenjohtaja: Saila Haapasalmi j\u00e4senet: Esa J\u00e4msen (sihteeri) Jonna Laine (varapuheenjohtaja) Janne Alakare Katja Kangaslehto Ville Lindroth Laura Pikkarainen Anni Karppila (varaj\u00e4sen) Ulla Palom\u00e4ki (varaj\u00e4sen) Mari Pekkala (varaj\u00e4sen) Eeva Saario (varaj\u00e4sen) Yhdistyksen hallitus 2024: Puheenjohtaja: Saila Haapasalmi j\u00e4senet: Anni Karppila (varapuheenjohtaja) Laura Pikkarainen (sihteeri) Janne Alakare Jonna Laine Katja Kangaslehto Ville Lindroth Esa &#8230; <a class=\"read-more\" href=\"https:\/\/www.akuuttigeriatria.fi\/?page_id=20\">Read more&#8230;<\/a><\/p>\n","protected":false},"author":1,"featured_media":0,"parent":0,"menu_order":0,"comment_status":"closed","ping_status":"closed","template":"","meta":{"footnotes":""},"class_list":["post-20","page","type-page","status-publish"],"_links":{"self":[{"href":"https:\/\/www.akuuttigeriatria.fi\/index.php?rest_route=\/wp\/v2\/pages\/20","targetHints":{"allow":["GET"]}}],"collection":[{"href":"https:\/\/www.akuuttigeriatria.fi\/index.php?rest_route=\/wp\/v2\/pages"}],"about":[{"href":"https:\/\/www.akuuttigeriatria.fi\/index.php?rest_route=\/wp\/v2\/types\/page"}],"author":[{"embeddable":true,"href":"https:\/\/www.akuuttigeriatria.fi\/index.php?rest_route=\/wp\/v2\/users\/1"}],"replies":[{"embeddable":true,"href":"https:\/\/www.akuuttigeriatria.fi\/index.php?rest_route=%2Fwp%2Fv2%2Fcomments&post=20"}],"version-history":[{"count":22,"href":"https:\/\/www.akuuttigeriatria.fi\/index.php?rest_route=\/wp\/v2\/pages\/20\/revisions"}],"predecessor-version":[{"id":450,"href":"https:\/\/www.akuuttigeriatria.fi\/index.php?rest_route=\/wp\/v2\/pages\/20\/revisions\/450"}],"wp:attachment":[{"href":"https:\/\/www.akuuttigeriatria.fi\/index.php?rest_route=%2Fwp%2Fv2%2Fmedia&parent=20"}],"curies":[{"name":"wp","href":"https:\/\/api.w.org\/{rel}","templated":true}]}}

<p><strong>Yhdistyksen hallitus 2025</strong>:</p>
<p>Puheenjohtaja: Saila Haapasalmi</p>
<p>jäsenet:</p>
<p>Esa Jämsen (sihteeri)</p>
<p>Jonna Laine (varapuheenjohtaja)</p>
<p>Janne Alakare</p>
<p>Katja Kangaslehto</p>
<p>Ville Lindroth</p>
<p>Laura Pikkarainen</p>
<p>Anni Karppila (varajäsen)</p>
<p>Ulla Palomäki (varajäsen)</p>
<p>Mari Pekkala (varajäsen)</p>
<p>Eeva Saario (varajäsen)</p>
<p><strong>Yhdistyksen hallitus 2024</strong>:</p>
<p>Puheenjohtaja: Saila Haapasalmi</p>
<p>jäsenet:</p>
<p>Anni Karppila (varapuheenjohtaja)</p>
<p>Laura Pikkarainen (sihteeri)</p>
<p>Janne Alakare</p>
<p>Jonna Laine</p>
<p>Katja Kangaslehto</p>
<p>Ville Lindroth</p>
<p>Esa Jämsen (varajäsen)</p>
<p>Ulla Palomäki (varajäsen)</p>
<p><strong>Yhdistyksen hallitus 2023</strong>:</p>
<p>Puheenjohtaja: Janne Alakare</p>
<p>jäsenet:</p>
<p>Anni Karppila (varapuheenjohtaja)</p>
<p>Laura Pikkarainen (sihteeri)</p>
<p>Jonna Laine</p>
<p>Katja Kangaslehto</p>
<p>Saila Haapasalmi</p>
<p>Ville Lindroth</p>
<p>Esa Jämsen (varajäsen)</p>
<p>Ulla Palomäki (varajäsen)</p>
<p><strong>Yhdistyksen hallitus 2022</strong>:</p>
<p>Puheenjohtaja: Janne Alakare</p>
<p>jäsenet:</p>
<p>Anni Karppila (varapuheenjohtaja)</p>
<p>Jonna Laine (sihteeri)</p>
<p>Katja Kangaslehto</p>
<p>Laura Pikkarainen</p>
<p>Saila Haapasalmi</p>
<p>Ville Lindroth</p>
<p>Esa Jämsen (varajäsen)</p>
<p><strong>Yhdistyksen hallitus 2021</strong>:</p>
<p>Puheenjohtaja: Anni Karppila</p>
<p>Hallituksen jäsenet:</p>
<p>Esa Jämsen (varapuheenjohtaja)</p>
<p>Jonna Laine (sihteeri)</p>
<p>Janne Alakare</p>
<p>Maaret Castrén</p>
<p>Katja Vertainen</p>
<p>Laura Pikkarainen (varajäsen)</p>
<p><strong>Yhdistyksen hallitus 2020</strong>:</p>
<p>Puheenjohtaja: Anni Karppila</p>
<p>Hallituksen jäsenet:</p>
<p>Esa Jämsen (varapuheenjohtaja)</p>
<p>Anna Sjölund (sihteeri)</p>
<p>Janne Alakare</p>
<p>Maaret Castrén</p>
<p>Jonna Laine</p>
<p>Katja Vertainen</p>
<p>Laura Pikkarainen (varajäsen)</p>
<p><strong>Yhdistyksen hallitus 2019</strong>:</p>
<p>Puheenjohtaja: Laura Pikkarainen</p>
<p>Hallituksen jäsenet:</p>
<p>Riitta Antikainen</p>
<p>Maaret Castrén</p>
<p>Anni Karppila (rahastonhoitaja)</p>
<p>Esa Jämsen (varapuheenjohtaja)</p>
<p>Anna Sjölund (sihteeri)</p>
<p>Katja Vertainen</p>
<p>Janne Alakare (varajäsen)</p>
<p>Toimintasuunnitelma vuodelle 2019: <a href="http://www.akuuttigeriatria.fi/wp-content/uploads/2019/05/SAGY-Toimintasuunnitelma-2019.docx">SAGY &#8211; Toimintasuunnitelma 2019</a></p>
<p><strong>Yhdistyksen hallitus 2018</strong>:</p>
<p>Puheenjohtaja: Laura Pikkarainen</p>
<p>Hallituksen jäsenet:</p>
<p>Riitta Antikainen</p>
<p>Maaret Castrén</p>
<p>Hannele Ekstam (rahastonhoitaja)</p>
<p>Esa Jämsen (varapuheenjohtaja)</p>
<p>Anna Sjölund (sihteeri)</p>
<p>Katja Vertainen</p>
<p>Janne Alakare (varajäsen)</p>
<p>Toimintasuunnitelma vuodelle 2018: <a href="http://www.akuuttigeriatria.fi/wp-content/uploads/2018/07/SAGY-Toimintasuunnitelma-2018.pdf">SAGY &#8211; Toimintasuunnitelma 2018</a></p>
<p><strong>Yhdistyksen hallitus 2017</strong>:</p>
<p>Puheenjohtaja:</p>
<ul>
<li>Laura Pikkarainen</li>
</ul>
<p>Sihteeri:</p>
<ul>
<li>Esa Jämsen</li>
</ul>
<p>Rahastonhoitaja:</p>
<ul>
<li>Hannele Ekstam</li>
</ul>
<p>Varapuheenjohtaja:</p>
<ul>
<li>Janne Alakare</li>
</ul>
<p>Jäsenet:</p>
<ul>
<li>Riitta Antikainen</li>
<li>Maaret Castrén</li>
<li>Sanna Hakala</li>
</ul>
<p>Toimintasuunnitelma vuodelle 2017: <a href="http://www.akuuttigeriatria.fi/wp-content/uploads/2015/12/SAGY-Toimintasuunnitelma-2017.pdf">SAGY &#8211; Toimintasuunnitelma 2017</a></p>
<p><span style="font-size: medium;"><br />
<strong>Yhdistyksen hallitus 2015-16</strong>:</span></p>
<p>Puheenjohtaja:</p>
<ul>
<li>Laura Pikkarainen</li>
</ul>
<p>Sihteeri:</p>
<ul>
<li>Esa Jämsen</li>
</ul>
<p>Rahastonhoitaja:</p>
<ul>
<li>Hannele Ekstam</li>
</ul>
<p>Varapuheenjohtaja:</p>
<ul>
<li>Janne Alakare</li>
</ul>
<p>Jäsenet:</p>
<ul>
<li>Riitta Antikainen</li>
<li>Maaret Castrén</li>
<li>Maria Nuotio</li>
</ul>
<p>Ota yhteyttä hallitukseen: <a href="mailto:hallitus@akuuttigeriatria.fi">hallitus@akuuttigeriatria.fi</a></p>

<p>Yhdistyksen hallitus 2025: Puheenjohtaja: Saila Haapasalmi jäsenet: Esa Jämsen (sihteeri) Jonna Laine (varapuheenjohtaja) Janne Alakare Katja Kangaslehto Ville Lindroth Laura Pikkarainen Anni Karppila (varajäsen) Ulla Palomäki (varajäsen) Mari Pekkala (varajäsen) Eeva Saario (varajäsen) Yhdistyksen hallitus 2024: Puheenjohtaja: Saila Haapasalmi jäsenet: Anni Karppila (varapuheenjohtaja) Laura Pikkarainen (sihteeri) Janne Alakare Jonna Laine Katja Kangaslehto Ville Lindroth Esa &#8230; <a class="read-more" href="https://www.akuuttigeriatria.fi/?page_id=20">Read more&#8230;</a></p>
