{"id":30,"date":"2015-12-12T22:47:12","date_gmt":"2015-12-12T20:47:12","guid":{"rendered":"http:\/\/www.akuuttigeriatria.fi\/?page_id=30"},"modified":"2026-03-09T12:50:17","modified_gmt":"2026-03-09T10:50:17","slug":"ajankohtaista","status":"publish","type":"page","link":"https:\/\/www.akuuttigeriatria.fi\/?page_id=30","title":{"rendered":"Tapahtumat"},"content":{"rendered":"<p>&nbsp;<\/p>\n<p>&nbsp;<\/p>\n<p><strong>Vuoden 2026 vuosikokous j\u00e4rjestet\u00e4\u00e4n teamsitse maanantaina 23.3.2026. klo 18.00.<\/strong><\/p>\n<p>Ellet saanut osallistumislinkki\u00e4 viel\u00e4 s\u00e4hk\u00f6postitse, voit pyyt\u00e4\u00e4 sen osoitteesta<\/p>\n<p>hallitus@akuuttigeriatria.fi<\/p>\n<p>&nbsp;<\/p>\n<p>Kokouksessa k\u00e4sitell\u00e4\u00e4n s\u00e4\u00e4nt\u00f6jen mukaiset vuosikokousasiat. Ennen varsinaista kokousta klo 17 on<\/p>\n<p>vuosikokousluento saattohoidon aloittamisesta p\u00e4ivystyksess\u00e4,<\/p>\n<p>&nbsp;<\/p>\n<p>&nbsp;<\/p>\n<p><strong>Aiempia tapahtumia:<\/strong><\/p>\n<p><strong>Yhdistyksen vuosikokous (Teams) 26.3.2025<\/strong><\/p>\n<p><strong>Yhdistyksen vuosikokous (Teams) 20.3.2024<\/strong><\/p>\n<p><strong>Verkostotapaaminen (Teams) 25.10.2023<\/strong><\/p>\n<p><strong>Yhdistyksen vuosikokous 30.3.2023<\/strong><\/p>\n<p><strong>I\u00e4k\u00e4s p\u00e4ivystyksess\u00e4 &#8211; Moniammatillinen ty\u00f6paja\u00a0<\/strong><\/p>\n<p>25.11.22 klo 12.00\u201315.45<\/p>\n<p>28.3.2022 Yhdistyksen vuosikokous<\/p>\n<p>9.12.2021 moniammatillinen ty\u00f6paja: \u201dParhaat mallit kotihoidon ja hoivakotien akuuttitilanteisiin\u201d.<\/p>\n<p>18.3.2021 Yhdistyksen vuosikokous.<\/p>\n<p>23.9.2020 Akuuttigeriatrian koulutus PHKS<\/p>\n<div style=\"width: 640px;\" class=\"wp-video\"><!--[if lt IE 9]><script>document.createElement('video');<\/script><![endif]-->\n<video class=\"wp-video-shortcode\" id=\"video-30-1\" width=\"640\" height=\"360\" preload=\"metadata\" controls=\"controls\"><source type=\"video\/mp4\" src=\"http:\/\/akuuttigeriatria.fi\/ag230920\/ag1.mp4?_=1\" \/><a href=\"http:\/\/akuuttigeriatria.fi\/ag230920\/ag1.mp4\">http:\/\/akuuttigeriatria.fi\/ag230920\/ag1.mp4<\/a><\/video><\/div>\n<div style=\"width: 640px;\" class=\"wp-video\"><video class=\"wp-video-shortcode\" id=\"video-30-2\" width=\"640\" height=\"360\" preload=\"metadata\" controls=\"controls\"><source type=\"video\/mp4\" src=\"http:\/\/akuuttigeriatria.fi\/ag230920\/ag2.mp4?_=2\" \/><a href=\"http:\/\/akuuttigeriatria.fi\/ag230920\/ag2.mp4\">http:\/\/akuuttigeriatria.fi\/ag230920\/ag2.mp4<\/a><\/video><\/div>\n<p>13.3.2020 Yhdistyksen vuosikokous<\/p>\n<p>20. 21.11.2019<a href=\"https:\/\/fioca.fi\/kurssi\/akuuttigeriatria-2\/\"> Fioca ja Sagy: Akuuttigeriatria<\/a> &#8211; Helsinki<\/p>\n<p>25-27.9.2019 EUGMS Congress 2019 &#8211;\u00a0Cracow<\/p>\n<p>15.3.2019 klo 17.30 &#8211; Yhdistyksen vuosikokous &#8211; erillinen kutsu j\u00e4senille &#8211; luennoitsija neurokirurgi Jari Siironen<\/p>\n<p class=\"bodytext\">10.-12.10.2018\u00a0<a href=\"http:\/\/www.eugms.org\/2018.html\">EUGMS Congress 2018<\/a> &#8211; Berlin<\/p>\n<p>15.-16.11.2018 <a href=\"https:\/\/fioca.fi\/kurssi\/akuuttigeriatria\/\">Fioca ja Sagy: Akuuttigeriatria<\/a>\u00a0&#8211; Turku<\/p>\n<p>2.11.2018 Iltakoulutus Sagyn j\u00e4senille: vanhuspotilaan arviointi p\u00e4ivystyksess\u00e4 &#8211; Helsinki<\/p>\n<p>22.10.2018\u00a0<a href=\"http:\/\/www.akuuttigeriatria.fi\/wp-content\/uploads\/2018\/09\/Sagyn-geriatripa\u0308ivystystapaaminen-kutsu-ja-alustava-ohjelma.pdf\">Sagyn geriatripa\u0308ivystystapaaminen\u00a0<\/a> &#8211; Tampere<\/p>\n<p>3.-4.10.2018 <a href=\"https:\/\/fysioterapiamessut.fi\/--Suurtapahtuma-kokoaa-fysioterapian%2C-kuntoutuksen-ja-vanhuusi%C3%A4n-asiantuntijuuden--\/tiedotepalsta\/show.tmpl?id=317&amp;sivu_id=8833&amp;navipath=8809\">Fysioterapia ja kuntoutus -messut ja Hyv\u00e4 ik\u00e4 2018 -tapahtuma<\/a>\u00a0&#8211; Helsinki<\/p>\n<p>8.-12.9.2018 <a href=\"http:\/\/www.eusemcongress.org\/en\/\">EUSEM Congress 2018<\/a> &#8211; Glasgow<\/p>\n<p>28.6.2018 <a href=\"https:\/\/www.acutefrailtynetwork.org.uk\/\">NHS Acute Fraily Network &#8211; Frailty First Conference<\/a> &#8211; London<\/p>\n<p>9.3.2018 klo 16.30- Yhdistyksen vuosikokous &#8211; erillinen kutsu j\u00e4senille &#8211;\u00a0luennoitsija: neurologi Jukka Putaala<\/p>\n<p>10.1.2018 L\u00e4\u00e4k\u00e4ri 2018 &#8211;\u00a0<a href=\"http:\/\/laakaripaivat.fi\/2018\/kurssit\/vanhuksen-akuuttihoito-uudet-keinot-kayttoon\/\">http:\/\/laakaripaivat.fi\/2018\/kurssit\/vanhuksen-akuuttihoito-uudet-keinot-kayttoon\/\u00a0<\/a><\/p>\n<p class=\"bodytext\">29.-30.11.2017 Akuuttil\u00e4\u00e4ketiede 2017 &#8211; Vanhus p\u00e4ivystyspotilaana.\u00a0\u00a0<a href=\"http:\/\/www.akuuttigeriatria.fi\/wp-content\/uploads\/2017\/12\/kongressikuulumiset.pdf\">kongressikuulumiset<\/a><\/p>\n<p><a href=\"http:\/\/www.eugms.org\/2017.html\">20.-22.9.2017 EUGMS Congress 2017 &#8211; Nice<\/a><\/p>\n<p>20.-22.9.2017 EUGMS Congress 2017. <a href=\"http:\/\/www.akuuttigeriatria.fi\/wp-content\/uploads\/2017\/10\/EUGMS-2017.pptx\">Terveisi\u00e4 kongressista<\/a><\/p>\n<p>23-24.3.2017 Sairaanhoitajap\u00e4iv\u00e4t &#8211; Vanhuksen hyv\u00e4 ja laaja-alainen hoito. <a href=\"http:\/\/www.akuuttigeriatria.fi\/wp-content\/uploads\/2017\/04\/Terveiset-Sairaanhoitajap\u00e4ivilt\u00e4-2017.docx\">Terveiset Sairaanhoitajap\u00e4ivilt\u00e4 2017<\/a>.<\/p>\n<p>3.3.2017 Yhdistyksen vuosikokous<\/p>\n<p>11.-13.1.2017 <a href=\"http:\/\/laakaripaivat.fi\/2017\/kurssit\/vanhus-paivystyksessa\/\">L\u00e4\u00e4k\u00e4ri 2017 &#8211; Vanhus p\u00e4ivystyksess\u00e4<\/a><\/p>\n<p>14.9. Meilahden keskiviikkomeetingiss\u00e4 pidetty <a href=\"http:\/\/www.akuuttigeriatria.fi\/wp-content\/uploads\/2016\/09\/Akuuttigeriatria.pdf\">katsaus akuuttigeriatriaan.<\/a><\/p>\n<p>22.4.2016 yhdistyksen vuosikokous, Helsinki<\/p>\n<p>SAGY:n ensimm\u00e4inen vuosikokous pidettiin Helsingiss\u00e4 22.4.2016. Joka nelj\u00e4s yhdistyksen j\u00e4sen oli paikalla. Puheenjohtaja avasi kokouksen kertomalla yhdistyksen perustamisen taustoista syksylt\u00e4 2015: <a href=\"http:\/\/www.akuuttigeriatria.fi\/wp-content\/uploads\/2016\/04\/Suomen-akuuttigeriatrian-yhdistys.pdf\">Suomen akuuttigeriatrian yhdistys <\/a><\/p>\n<p>Kardiologi Anna-Mari Hekkala piti luennon aiheesta &#8221;Ik\u00e4ihmisen antikoagulaatiohoito&#8221;. Vuosikokouksessa keskusteltiin vilkkaasti vuoden 2016 toimintasuunnitelmasta ja t\u00e4ydennettiin sit\u00e4. Hallitukseen valittiin uutena j\u00e4senen\u00e4 sh Sanna Hakala Maria Nuotion j\u00e4tetty\u00e4 hallitusteht\u00e4v\u00e4t<\/p>\n","protected":false},"excerpt":{"rendered":"<p>&nbsp; &nbsp; Vuoden 2026 vuosikokous j\u00e4rjestet\u00e4\u00e4n teamsitse maanantaina 23.3.2026. klo 18.00. Ellet saanut osallistumislinkki\u00e4 viel\u00e4 s\u00e4hk\u00f6postitse, voit pyyt\u00e4\u00e4 sen osoitteesta hallitus@akuuttigeriatria.fi &nbsp; Kokouksessa k\u00e4sitell\u00e4\u00e4n s\u00e4\u00e4nt\u00f6jen mukaiset vuosikokousasiat. Ennen varsinaista kokousta klo 17 on vuosikokousluento saattohoidon aloittamisesta p\u00e4ivystyksess\u00e4, &nbsp; &nbsp; Aiempia tapahtumia: Yhdistyksen vuosikokous (Teams) 26.3.2025 Yhdistyksen vuosikokous (Teams) 20.3.2024 Verkostotapaaminen (Teams) 25.10.2023 Yhdistyksen vuosikokous 30.3.2023 &#8230; <a class=\"read-more\" href=\"https:\/\/www.akuuttigeriatria.fi\/?page_id=30\">Read more&#8230;<\/a><\/p>\n","protected":false},"author":1,"featured_media":0,"parent":0,"menu_order":0,"comment_status":"closed","ping_status":"closed","template":"","meta":{"footnotes":""},"class_list":["post-30","page","type-page","status-publish"],"_links":{"self":[{"href":"https:\/\/www.akuuttigeriatria.fi\/index.php?rest_route=\/wp\/v2\/pages\/30","targetHints":{"allow":["GET"]}}],"collection":[{"href":"https:\/\/www.akuuttigeriatria.fi\/index.php?rest_route=\/wp\/v2\/pages"}],"about":[{"href":"https:\/\/www.akuuttigeriatria.fi\/index.php?rest_route=\/wp\/v2\/types\/page"}],"author":[{"embeddable":true,"href":"https:\/\/www.akuuttigeriatria.fi\/index.php?rest_route=\/wp\/v2\/users\/1"}],"replies":[{"embeddable":true,"href":"https:\/\/www.akuuttigeriatria.fi\/index.php?rest_route=%2Fwp%2Fv2%2Fcomments&post=30"}],"version-history":[{"count":44,"href":"https:\/\/www.akuuttigeriatria.fi\/index.php?rest_route=\/wp\/v2\/pages\/30\/revisions"}],"predecessor-version":[{"id":461,"href":"https:\/\/www.akuuttigeriatria.fi\/index.php?rest_route=\/wp\/v2\/pages\/30\/revisions\/461"}],"wp:attachment":[{"href":"https:\/\/www.akuuttigeriatria.fi\/index.php?rest_route=%2Fwp%2Fv2%2Fmedia&parent=30"}],"curies":[{"name":"wp","href":"https:\/\/api.w.org\/{rel}","templated":true}]}}

<p>&nbsp;</p>
<p>&nbsp;</p>
<p><strong>Vuoden 2026 vuosikokous järjestetään teamsitse maanantaina 23.3.2026. klo 18.00.</strong></p>
<p>Ellet saanut osallistumislinkkiä vielä sähköpostitse, voit pyytää sen osoitteesta</p>
<p>hallitus@akuuttigeriatria.fi</p>
<p>&nbsp;</p>
<p>Kokouksessa käsitellään sääntöjen mukaiset vuosikokousasiat. Ennen varsinaista kokousta klo 17 on</p>
<p>vuosikokousluento saattohoidon aloittamisesta päivystyksessä,</p>
<p>&nbsp;</p>
<p>&nbsp;</p>
<p><strong>Aiempia tapahtumia:</strong></p>
<p><strong>Yhdistyksen vuosikokous (Teams) 26.3.2025</strong></p>
<p><strong>Yhdistyksen vuosikokous (Teams) 20.3.2024</strong></p>
<p><strong>Verkostotapaaminen (Teams) 25.10.2023</strong></p>
<p><strong>Yhdistyksen vuosikokous 30.3.2023</strong></p>
<p><strong>Iäkäs päivystyksessä &#8211; Moniammatillinen työpaja </strong></p>
<p>25.11.22 klo 12.00–15.45</p>
<p>28.3.2022 Yhdistyksen vuosikokous</p>
<p>9.12.2021 moniammatillinen työpaja: ”Parhaat mallit kotihoidon ja hoivakotien akuuttitilanteisiin”.</p>
<p>18.3.2021 Yhdistyksen vuosikokous.</p>
<p>23.9.2020 Akuuttigeriatrian koulutus PHKS</p>
<div style="width: 640px;" class="wp-video"><!--[if lt IE 9]><script>document.createElement('video');</script><![endif]-->
<video class="wp-video-shortcode" id="video-30-1" width="640" height="360" preload="metadata" controls="controls"><source type="video/mp4" src="http://akuuttigeriatria.fi/ag230920/ag1.mp4?_=1" /><a href="http://akuuttigeriatria.fi/ag230920/ag1.mp4">http://akuuttigeriatria.fi/ag230920/ag1.mp4</a></video></div>
<div style="width: 640px;" class="wp-video"><video class="wp-video-shortcode" id="video-30-2" width="640" height="360" preload="metadata" controls="controls"><source type="video/mp4" src="http://akuuttigeriatria.fi/ag230920/ag2.mp4?_=2" /><a href="http://akuuttigeriatria.fi/ag230920/ag2.mp4">http://akuuttigeriatria.fi/ag230920/ag2.mp4</a></video></div>
<p>13.3.2020 Yhdistyksen vuosikokous</p>
<p>20. 21.11.2019<a href="https://fioca.fi/kurssi/akuuttigeriatria-2/"> Fioca ja Sagy: Akuuttigeriatria</a> &#8211; Helsinki</p>
<p>25-27.9.2019 EUGMS Congress 2019 &#8211; Cracow</p>
<p>15.3.2019 klo 17.30 &#8211; Yhdistyksen vuosikokous &#8211; erillinen kutsu jäsenille &#8211; luennoitsija neurokirurgi Jari Siironen</p>
<p class="bodytext">10.-12.10.2018 <a href="http://www.eugms.org/2018.html">EUGMS Congress 2018</a> &#8211; Berlin</p>
<p>15.-16.11.2018 <a href="https://fioca.fi/kurssi/akuuttigeriatria/">Fioca ja Sagy: Akuuttigeriatria</a> &#8211; Turku</p>
<p>2.11.2018 Iltakoulutus Sagyn jäsenille: vanhuspotilaan arviointi päivystyksessä &#8211; Helsinki</p>
<p>22.10.2018 <a href="http://www.akuuttigeriatria.fi/wp-content/uploads/2018/09/Sagyn-geriatripäivystystapaaminen-kutsu-ja-alustava-ohjelma.pdf">Sagyn geriatripäivystystapaaminen </a> &#8211; Tampere</p>
<p>3.-4.10.2018 <a href="https://fysioterapiamessut.fi/--Suurtapahtuma-kokoaa-fysioterapian%2C-kuntoutuksen-ja-vanhuusi%C3%A4n-asiantuntijuuden--/tiedotepalsta/show.tmpl?id=317&amp;sivu_id=8833&amp;navipath=8809">Fysioterapia ja kuntoutus -messut ja Hyvä ikä 2018 -tapahtuma</a> &#8211; Helsinki</p>
<p>8.-12.9.2018 <a href="http://www.eusemcongress.org/en/">EUSEM Congress 2018</a> &#8211; Glasgow</p>
<p>28.6.2018 <a href="https://www.acutefrailtynetwork.org.uk/">NHS Acute Fraily Network &#8211; Frailty First Conference</a> &#8211; London</p>
<p>9.3.2018 klo 16.30- Yhdistyksen vuosikokous &#8211; erillinen kutsu jäsenille &#8211; luennoitsija: neurologi Jukka Putaala</p>
<p>10.1.2018 Lääkäri 2018 &#8211; <a href="http://laakaripaivat.fi/2018/kurssit/vanhuksen-akuuttihoito-uudet-keinot-kayttoon/">http://laakaripaivat.fi/2018/kurssit/vanhuksen-akuuttihoito-uudet-keinot-kayttoon/ </a></p>
<p class="bodytext">29.-30.11.2017 Akuuttilääketiede 2017 &#8211; Vanhus päivystyspotilaana.  <a href="http://www.akuuttigeriatria.fi/wp-content/uploads/2017/12/kongressikuulumiset.pdf">kongressikuulumiset</a></p>
<p><a href="http://www.eugms.org/2017.html">20.-22.9.2017 EUGMS Congress 2017 &#8211; Nice</a></p>
<p>20.-22.9.2017 EUGMS Congress 2017. <a href="http://www.akuuttigeriatria.fi/wp-content/uploads/2017/10/EUGMS-2017.pptx">Terveisiä kongressista</a></p>
<p>23-24.3.2017 Sairaanhoitajapäivät &#8211; Vanhuksen hyvä ja laaja-alainen hoito. <a href="http://www.akuuttigeriatria.fi/wp-content/uploads/2017/04/Terveiset-Sairaanhoitajapäiviltä-2017.docx">Terveiset Sairaanhoitajapäiviltä 2017</a>.</p>
<p>3.3.2017 Yhdistyksen vuosikokous</p>
<p>11.-13.1.2017 <a href="http://laakaripaivat.fi/2017/kurssit/vanhus-paivystyksessa/">Lääkäri 2017 &#8211; Vanhus päivystyksessä</a></p>
<p>14.9. Meilahden keskiviikkomeetingissä pidetty <a href="http://www.akuuttigeriatria.fi/wp-content/uploads/2016/09/Akuuttigeriatria.pdf">katsaus akuuttigeriatriaan.</a></p>
<p>22.4.2016 yhdistyksen vuosikokous, Helsinki</p>
<p>SAGY:n ensimmäinen vuosikokous pidettiin Helsingissä 22.4.2016. Joka neljäs yhdistyksen jäsen oli paikalla. Puheenjohtaja avasi kokouksen kertomalla yhdistyksen perustamisen taustoista syksyltä 2015: <a href="http://www.akuuttigeriatria.fi/wp-content/uploads/2016/04/Suomen-akuuttigeriatrian-yhdistys.pdf">Suomen akuuttigeriatrian yhdistys </a></p>
<p>Kardiologi Anna-Mari Hekkala piti luennon aiheesta &#8221;Ikäihmisen antikoagulaatiohoito&#8221;. Vuosikokouksessa keskusteltiin vilkkaasti vuoden 2016 toimintasuunnitelmasta ja täydennettiin sitä. Hallitukseen valittiin uutena jäsenenä sh Sanna Hakala Maria Nuotion jätettyä hallitustehtävät</p>

<p>&nbsp; &nbsp; Vuoden 2026 vuosikokous järjestetään teamsitse maanantaina 23.3.2026. klo 18.00. Ellet saanut osallistumislinkkiä vielä sähköpostitse, voit pyytää sen osoitteesta hallitus@akuuttigeriatria.fi &nbsp; Kokouksessa käsitellään sääntöjen mukaiset vuosikokousasiat. Ennen varsinaista kokousta klo 17 on vuosikokousluento saattohoidon aloittamisesta päivystyksessä, &nbsp; &nbsp; Aiempia tapahtumia: Yhdistyksen vuosikokous (Teams) 26.3.2025 Yhdistyksen vuosikokous (Teams) 20.3.2024 Verkostotapaaminen (Teams) 25.10.2023 Yhdistyksen vuosikokous 30.3.2023 &#8230; <a class="read-more" href="https://www.akuuttigeriatria.fi/?page_id=30">Read more&#8230;</a></p>
